{"version":"1.0","provider_name":"Maison Jean Loron","provider_url":"https:\/\/www.loron.fr\/en\/","author_name":"dev","author_url":"https:\/\/www.loron.fr\/en\/author\/dev\/","title":"Sur les traces des Fr\u00e8res Lumi\u00e8re au Ch\u00e2teau Bellevue \u2013 Domaines Loron. D\u00eener immersif le samedi 15 novembre - Maison Jean Loron","type":"rich","width":600,"height":338,"html":"<blockquote class=\"wp-embedded-content\" data-secret=\"szIpL0RzOH\"><a href=\"https:\/\/www.loron.fr\/en\/freres-lumiere\/\">Sur les traces des Fr\u00e8res Lumi\u00e8re au Ch\u00e2teau Bellevue \u2013 Domaines Loron. D\u00eener immersif le samedi 15 novembre<\/a><\/blockquote><iframe sandbox=\"allow-scripts\" security=\"restricted\" src=\"https:\/\/www.loron.fr\/en\/freres-lumiere\/embed\/#?secret=szIpL0RzOH\" width=\"600\" height=\"338\" title=\"&#8220;Sur les traces des Fr\u00e8res Lumi\u00e8re au Ch\u00e2teau Bellevue \u2013 Domaines Loron. D\u00eener immersif le samedi 15 novembre&#8221; &#8212; Maison Jean Loron\" data-secret=\"szIpL0RzOH\" frameborder=\"0\" marginwidth=\"0\" marginheight=\"0\" scrolling=\"no\" class=\"wp-embedded-content\"><\/iframe><script type=\"text\/javascript\">\n\/* <![CDATA[ *\/\n\/*! This file is auto-generated *\/\n!function(d,l){\"use strict\";l.querySelector&&d.addEventListener&&\"undefined\"!=typeof URL&&(d.wp=d.wp||{},d.wp.receiveEmbedMessage||(d.wp.receiveEmbedMessage=function(e){var t=e.data;if((t||t.secret||t.message||t.value)&&!\/[^a-zA-Z0-9]\/.test(t.secret)){for(var s,r,n,a=l.querySelectorAll('iframe[data-secret=\"'+t.secret+'\"]'),o=l.querySelectorAll('blockquote[data-secret=\"'+t.secret+'\"]'),c=new RegExp(\"^https?:$\",\"i\"),i=0;i<o.length;i++)o[i].style.display=\"none\";for(i=0;i<a.length;i++)s=a[i],e.source===s.contentWindow&&(s.removeAttribute(\"style\"),\"height\"===t.message?(1e3<(r=parseInt(t.value,10))?r=1e3:~~r<200&&(r=200),s.height=r):\"link\"===t.message&&(r=new URL(s.getAttribute(\"src\")),n=new URL(t.value),c.test(n.protocol))&&n.host===r.host&&l.activeElement===s&&(d.top.location.href=t.value))}},d.addEventListener(\"message\",d.wp.receiveEmbedMessage,!1),l.addEventListener(\"DOMContentLoaded\",function(){for(var e,t,s=l.querySelectorAll(\"iframe.wp-embedded-content\"),r=0;r<s.length;r++)(t=(e=s[r]).getAttribute(\"data-secret\"))||(t=Math.random().toString(36).substring(2,12),e.src+=\"#?secret=\"+t,e.setAttribute(\"data-secret\",t)),e.contentWindow.postMessage({message:\"ready\",secret:t},\"*\")},!1)))}(window,document);\n\/* ]]> *\/\n<\/script>\n","description":"L'association Ch\u00e2teaux en Beaujolais lance une s\u00e9rie d'\u00e9v\u00e8nements m\u00e9morables appel\u00e9s \"A Table avec l'Histoire\".Le Ch\u00e2teau Bellevue, situ\u00e9 au coeur du vignoble de Morgon, vous ouvre ses portes pour un banquet somptueux o\u00f9 l'h\u00e9ritage historique et les racines viticoles se m\u00ealent harmonieusement !","thumbnail_url":"https:\/\/www.loron.fr\/wp-content\/uploads\/2025\/04\/CEB_Key-Visual-A3-Automne-hiver-2025-26-724x1024.jpg"}

Sur les traces des Frères Lumière au Château Bellevue – Domaines Loron. Dîner immersif le samedi 15 novembre - Maison Jean Loron

<blockquote class="wp-embedded-content" data-secret="szIpL0RzOH"><a href="https://www.loron.fr/en/freres-lumiere/">Sur les traces des Frères Lumière au Château Bellevue – Domaines Loron. Dîner immersif le samedi 15 novembre</a></blockquote><iframe sandbox="allow-scripts" security="restricted" src="https://www.loron.fr/en/freres-lumiere/embed/#?secret=szIpL0RzOH" width="600" height="338" title="&#8220;Sur les traces des Frères Lumière au Château Bellevue – Domaines Loron. Dîner immersif le samedi 15 novembre&#8221; &#8212; Maison Jean Loron" data-secret="szIpL0RzOH" frameborder="0" marginwidth="0" marginheight="0" scrolling="no" class="wp-embedded-content"></iframe><script type="text/javascript">
/* <![CDATA[ */
/*! This file is auto-generated */
!function(d,l){"use strict";l.querySelector&&d.addEventListener&&"undefined"!=typeof URL&&(d.wp=d.wp||{},d.wp.receiveEmbedMessage||(d.wp.receiveEmbedMessage=function(e){var t=e.data;if((t||t.secret||t.message||t.value)&&!/[^a-zA-Z0-9]/.test(t.secret)){for(var s,r,n,a=l.querySelectorAll('iframe[data-secret="'+t.secret+'"]'),o=l.querySelectorAll('blockquote[data-secret="'+t.secret+'"]'),c=new RegExp("^https?:$","i"),i=0;i<o.length;i++)o[i].style.display="none";for(i=0;i<a.length;i++)s=a[i],e.source===s.contentWindow&&(s.removeAttribute("style"),"height"===t.message?(1e3<(r=parseInt(t.value,10))?r=1e3:~~r<200&&(r=200),s.height=r):"link"===t.message&&(r=new URL(s.getAttribute("src")),n=new URL(t.value),c.test(n.protocol))&&n.host===r.host&&l.activeElement===s&&(d.top.location.href=t.value))}},d.addEventListener("message",d.wp.receiveEmbedMessage,!1),l.addEventListener("DOMContentLoaded",function(){for(var e,t,s=l.querySelectorAll("iframe.wp-embedded-content"),r=0;r<s.length;r++)(t=(e=s[r]).getAttribute("data-secret"))||(t=Math.random().toString(36).substring(2,12),e.src+="#?secret="+t,e.setAttribute("data-secret",t)),e.contentWindow.postMessage({message:"ready",secret:t},"*")},!1)))}(window,document);
/* ]]> */
</script>

L'association Châteaux en Beaujolais lance une série d'évènements mémorables appelés "A Table avec l'Histoire".Le Château Bellevue, situé au coeur du vignoble de Morgon, vous ouvre ses portes pour un banquet somptueux où l'héritage historique et les racines viticoles se mêlent harmonieusement !
